rime factors of d?
2
List the prime factors of ((-1 + -5)/3)/1 - -69.
67
Suppose 0 = 5*a - 5*b - 0*b, -2 = a - 2*b. Let f = a + 0. What are the prime factors of f?
2
Let u be (-3 + 3)/(2 - 3). Let h be -3 + -7 - u/3. Let a = h - -23. What are the prime factors of a?
13
Let q(u) be the second derivative of 3*u**3/2 - u**2/2 - 5*u. What are the prime factors of q(1)?
2
Suppose -5*j + 0*j = -40. What are the prime factors of j?
2
Let i = -22 + 69. Let u = 79 - i. What are the prime factors of u?
2
Let z be 5 + ((-6)/(-1))/(-3). Let q be (z/(-1) - -4) + -1. Suppose -2*w + 3*w - 21 = q. What are the prime factors of w?
3, 7
Suppose 2*i - p - 2 = -22, 6 = 3*p. Let s = i + 17. List the prime factors of s.
2
Let u = -46 + 86. Suppose h - u + 12 = -4*m, 4*h + 4*m - 76 = 0. List the prime factors of h.
2
Let k be (0/2)/((-3)/3). Let t(s) = -s**2 - s + 2. What are the prime factors of t(k)?
2
Suppose 995 = 11*m - 6*m. What are the prime factors of m?
199
Suppose -7*r + 342 = -253. List the prime factors of r.
5, 17
Let d be 17/(-34) - 106/4. What are the prime factors of (-36)/d*(-1 + 19)?
2, 3
Let d be ((2 - 2) + 1)*-7. Let m be 2*(-22)/(-4) + 1. Let b = m + d. List the prime factors of b.
5
Let t(w) = -w + 3. Let r be t(9). List the prime factors of r*3/(-6) + 7.
2, 5
Suppose 0 = -2*l - 2*l. Suppose -2*j - 1 - 1 = l. List the prime factors of (-1)/1 - 3/j.
2
Suppose -g = -0*g + 2. Let q be 4/1 + 0/g. Suppose -47 = -w - 2*w + 4*i, q*i = w - 13. What are the prime factors of w?
17
Suppose -334 + 54 = -5*l. What are the prime factors of l?
2, 7
Suppose -4*w - 2*p + 192 = -3*p, -2*p = -4*w + 188. What are the prime factors of w?
7
Suppose 2*k + 56 = 4*m, m - 3*k - 7 = k. Let b be 15/(-2)*4/(-3). What are the prime factors of (16/b)/(3/m)?
2
Let v be -5 + 1 - (-17 - -17). What are the prime factors of (20/(-8))/(2/v)?
5
Suppose 12 = 2*k - 52. Suppose -5*l + k = -l. List the prime factors of l.
2
Let f(j) = 3*j**3 - 7*j**2 + 7*j - 11. What are the prime factors of f(4)?
97
Let k(s) = 69*s + 2. Let y be k(2). Suppose 5*n = -0*n + y. What are the prime factors of n?
2, 7
Suppose 0 = -3*w + w + 2*b, 2*w - 14 = -5*b. Let x = w - 0. What are the prime factors of x?
2
Suppose -2*v + 117 = j, -j + 74 - 317 = -4*v. List the prime factors of v.
2, 3, 5
Let p(t) = t - 12. Let j be p(9). What are the prime factors of 1 + (4 - (j + 3))?
5
What are the prime factors of 1/(5/35)*11?
7, 11
Suppose 0 = r + 2*f + 3*f - 32, 0 = -2*r + 2*f + 4. Suppose -3 + r = 2*m. Suppose 2*h - 6 = v, 0 = -v - 2*v + 2*h - m. List the prime factors of v.
2
Suppose -4*r + 5*o + 191 + 13 = 0, -4*o = 16. List the prime factors of r.
2, 23
Suppose -3*v - 4*u + 0*u + 268 = 0, 188 = 2*v + 5*u. What are the prime factors of v?
2, 3, 7
Let b(j) = -j**3 + 5*j + 3. Let p be b(-3). Let v = -3 + p. What are the prime factors of v?
2, 3
Suppose 0 = -5*k + 148 + 2. List the prime factors of (-2 + 3)/(2/k).
3, 5
Let p = -2 - -6. Suppose 3*s = 4*f + 92, p*s - 164 = -3*f - 33. List the prime factors of s.
2
Let r = -76 + 83. What are the prime factors of r?
7
What are the prime factors of (-222)/2*14/(-21)?
2, 37
Suppose -3*u + 201 + 48 = -2*d, -3*u - 4*d + 249 = 0. What are the prime factors of u?
83
Let s(f) = f**3 + 5*f**2 + 2*f - 3. Let g be s(-4). Suppose -17 = -5*m - 2. Suppose g*u - m*u = 16. List the prime factors of u.
2
Let a = 23 - 21. Suppose -4*y + 8 = a*k, -5*k - 6*y + 20 = -y. List the prime factors of k.
2
Let y = 68 - 19. What are the prime factors of y?
7
Let a(m) = m**2 - 7*m - 22. List the prime factors of a(11).
2, 11
Let s = -44 + 62. List the prime factors of s.
2, 3
Let n(j) = -31*j - 38. List the prime factors of n(-7).
179
Suppose 4 + 0 = 2*i. Let x = -17 + i. Let h = x + 26. List the prime factors of h.
11
Let u = 6 - 1. Suppose 5*l - u = 5. List the prime factors of l.
2
Let o(t) be the first derivative of t**2/2 + 11*t + 1. List the prime factors of o(-9).
2
Let r = 7 + 25. Suppose 5*q - 28 = 2*a - 3*a, -a = -5*q + r. Suppose -2*z = 4*f - q, 4*z + 16 - 78 = 2*f. What are the prime factors of z?
13
Suppose 0*a - 42 = -3*a. List the prime factors of a.
2, 7
Let v = -12 - -14. Suppose v*i - i - 20 = 0. List the prime factors of i.
2, 5
Let f(x) = x**3 - 8*x**2 - 15*x + 5. List the prime factors of f(10).
5, 11
Suppose 5*z - 873 = -3*d + 2*z, 3*z = 12. What are the prime factors of d?
7, 41
Let r(x) = -2*x**2 - 3*x - 1. Let w = -8 - -5. Let n be r(w). List the prime factors of (-50)/4*8/n.
2, 5
Suppose -4*w - 2 = -5*w. Suppose 2*l = -2*g + 20 - 6, -5*l = w*g - 26. What are the prime factors of g?
3
Let k(j) = j**3 + 5*j**2 - 7*j - 6. What are the prime factors of k(-5)?
29
Suppose -4*d + 1000 = d. What are the prime factors of d?
2, 5
Suppose 4*k - 8 = -4*w, -2*k - k - w = -10. What are the prime factors of (-1)/(-2)*k*19?
2, 19
Let s(m) = m**2 + 5*m + 6. Let n be s(-7). Suppose -n = -b - b. What are the prime factors of b?
2, 5
Suppose -16*o = -1406 - 4514. What are the prime factors of o?
2, 5, 37
Let h = -13 + 17. What are the prime factors of h?
2
Let h = -15 + 21. Let a(f) = f - 4. Let p be a(h). What are the prime factors of p*1*(-33)/(-6)?
11
Suppose 3*l = -2*l. Let t be (19 - -1) + (-1 - -1). Suppose l = o + o - t. What are the prime factors of o?
2, 5
Let u(l) be the second derivative of l**5/60 - l**4/24 - l**3/2 + l**2 - 3*l. Let q(w) be the first derivative of u(w). List the prime factors of q(4).
3
Suppose 0 = -5*r + 16 - 1. Suppose -r*w - 30 = -6*w. What are the prime factors of w?
2, 5
Suppose -q = 2*q - 219. List the prime factors of q.
73
Let m(d) = -d**3 + 2*d**2 - d + 2. Let i be m(2). Suppose i = -2*y + 4. What are the prime factors of y?
2
Suppose -171 = -4*u - y, 3*y - 3 = u - 49. What are the prime factors of u?
43
Let v(d) = d**3 - 6*d**2 - 5*d - 12. What are the prime factors of v(9)?
2, 3, 31
Suppose -2*l = 2*l + h - 400, 3*h = -5*l + 507. List the prime factors of l.
3, 11
Let c(q) = 6*q + 4. Let t(b) = -5*b - 5. Let i(a) = -4*c(a) - 5*t(a). List the prime factors of i(0).
3
Suppose 5*h - v = 3*h + 45, -3*h + 60 = -3*v. What are the prime factors of h?
5
Let f = 44 - 8. What are the prime factors of f?
2, 3
List the prime factors of (-8 - 2)*(-1 + 0).
2, 5
Suppose 5*v - 54 - 56 = 0. Let y = -12 + v. List the prime factors of y.
2, 5
Let v(m) = -m + 9. Let q be v(6). Suppose 5*c = n, 2*n = -q*n - 25. List the prime factors of c/((-2)/12*1).
2, 3
Let k(l) = 11*l - 15. Let j be k(7). Suppose -5*n + 28 = -j. List the prime factors of n.
2, 3
Let j = 626 + -440. What are the prime factors of 3/5 + j/15?
13
Suppose 5*u + s - 12 = 2*u, 2*u + 3*s = 1. List the prime factors of (-532)/(-20) + 2/u.
3
Suppose -w = -r + 38, -2*r + 5*r = -5*w + 90. List the prime factors of r.
5, 7
Let l = 0 - -2. Suppose -10 - 2 = -l*s. Suppose -24 = -4*p - 4*h, -p - h + s = -4*h. List the prime factors of p.
2, 3
Suppose 2*j - 9 = -1. Suppose 0 = 2*k - 2 - 0. List the prime factors of ((-14)/j)/(k/(-2)).
7
Let w = -1 - -6. Suppose -c = w - 16. List the prime factors of c.
11
Let t be (-326)/10 + 6/(-15). Let w = t - -73. List the prime factors of w.
2, 5
Let w be 0 - (-1 + -2) - -61. Let p = w - 45. What are the prime factors of p?
19
Let n(c) = -4*c. Let h be n(1). Let b = 8 - h. List the prime factors of b.
2, 3
Suppose -4*p + 3*p = -1. Suppose 0*a = 4*a - 156. What are the prime factors of p/2 - a/(-6)?
7
Suppose -102 = -2*q + 24. Let y = q - 30. What are the prime factors of y?
3, 11
Suppose -4*d = -5*y + 49, 0 = 3*d - 4*d + 5*y - 31. Let v = d + 27. What are the prime factors of v?
3, 7
Let l(q) = 16*q**2 - q. List the prime factors of l(1).
3, 5
Suppose 0 = o - 13 - 16. Let s = o - 16. List the prime factors of s.
13
Let c(f) = -13*f + 3. What are the prime factors of c(-5)?
2, 17
Let a = 6 - 1. What are the prime factors of -5*34/a*-1?
2, 17
Let g = 73 + -18. List the prime factors of g.
5, 11
Let t(m) = m**3 - 2*m**2 - 4*m + 1. Let s be t(3). Let y(o) = -3. Let x(p) = p + 8. Let i(v) = -3*x(v) - 8*y(v). List the prime factors of i(s).
2, 3
Let b(f) = -f + 3. Let m(x) = -x**2 - 6*x - 6. Let h be m(-4). Let n(l) = -5*l + 2. Let j be n(h). What are the prime factors of b(j)?
11
Let f(w) = 3*w**2 + 4*w. Let b be f(-3). List the prime factors of 526/10 + 6/b.
53
Let o(r) = r**2